{"id":15762,"date":"2023-09-19T12:55:38","date_gmt":"2023-09-19T12:55:38","guid":{"rendered":"https:\/\/estudiantes.uprrp.edu\/osei\/?page_id=15762"},"modified":"2023-09-19T13:33:07","modified_gmt":"2023-09-19T13:33:07","slug":"boletines-el-inclusivo","status":"publish","type":"page","link":"https:\/\/estudiantes.uprrp.edu\/osei\/boletines-el-inclusivo\/","title":{"rendered":"Boletines el Inclusivo"},"content":{"rendered":"<p><a href=\"https:\/\/estudiantes.uprrp.edu\/wp-content\/uploads\/2022\/08\/El-Inclusivo-Primera-Edicion.pdf\">El Inclusivo, primera edici\u00f3n<\/a><\/p>\n<p><a href=\"https:\/\/estudiantes.uprrp.edu\/wp-content\/uploads\/2022\/08\/El-Inclusivo-OSEI-Segunda-Edicion.pdf\">El Inclusivo, segunda edici\u00f3n<\/a><\/p>\n<p><a href=\"https:\/\/estudiantes.uprrp.edu\/wp-content\/uploads\/2022\/08\/Boletin-El-Inclusivo-Tercera-Edicion.pdf\">El inclusivo, tercera edici\u00f3n<\/a><\/p>\n<p><a href=\"https:\/\/estudiantes.uprrp.edu\/wp-content\/uploads\/2022\/08\/Boletin-El-Inclusivo-OSEI-1.pdf\">El inclusivo, cuarta edici\u00f3n<\/a><\/p>\n<p><a href=\"https:\/\/estudiantes.uprrp.edu\/wp-content\/uploads\/2022\/08\/Inclusivo-V-edicion-final.pdf\">El inclusivo, quinta edici\u00f3n<\/a><\/p>\n","protected":false},"excerpt":{"rendered":"<p>El Inclusivo, primera edici\u00f3n El Inclusivo, segunda edici\u00f3n El inclusivo, tercera edici\u00f3n El inclusivo, cuarta edici\u00f3n El inclusivo, quinta edici\u00f3n<\/p>\n","protected":false},"author":3,"featured_media":0,"parent":0,"menu_order":0,"comment_status":"closed","ping_status":"closed","template":"","meta":{"iawp_total_views":24,"footnotes":""},"class_list":["post-15762","page","type-page","status-publish","hentry"],"_links":{"self":[{"href":"https:\/\/estudiantes.uprrp.edu\/osei\/wp-json\/wp\/v2\/pages\/15762","targetHints":{"allow":["GET"]}}],"collection":[{"href":"https:\/\/estudiantes.uprrp.edu\/osei\/wp-json\/wp\/v2\/pages"}],"about":[{"href":"https:\/\/estudiantes.uprrp.edu\/osei\/wp-json\/wp\/v2\/types\/page"}],"author":[{"embeddable":true,"href":"https:\/\/estudiantes.uprrp.edu\/osei\/wp-json\/wp\/v2\/users\/3"}],"replies":[{"embeddable":true,"href":"https:\/\/estudiantes.uprrp.edu\/osei\/wp-json\/wp\/v2\/comments?post=15762"}],"version-history":[{"count":2,"href":"https:\/\/estudiantes.uprrp.edu\/osei\/wp-json\/wp\/v2\/pages\/15762\/revisions"}],"predecessor-version":[{"id":15790,"href":"https:\/\/estudiantes.uprrp.edu\/osei\/wp-json\/wp\/v2\/pages\/15762\/revisions\/15790"}],"wp:attachment":[{"href":"https:\/\/estudiantes.uprrp.edu\/osei\/wp-json\/wp\/v2\/media?parent=15762"}],"curies":[{"name":"wp","href":"https:\/\/api.w.org\/{rel}","templated":true}]}}